at is the units digit of s?
2
Let g be (9 - 3 - 2) + 1. Let m(o) = -o**3 + 7*o**2 - 2*o - 6. What is the units digit of m(g)?
4
Let r = -8 + 11. Suppose -r*y = -92 - 7. What is the units digit of y?
3
Let b = 5 - 2. Suppose -5*u = f - 243, -f = b*u - 3*f - 138. What is the tens digit of u?
4
Suppose 3*a = 2*o + 4*a - 34, -3*a = -5*o + 63. What is the tens digit of 264/o + (-6)/10?
1
Suppose 3*s + 2*s = -5*b + 310, -b + 59 = 2*s. What is the tens digit of b?
6
Let y = -12 - -15. Let t(d) = 13*d - 3. What is the units digit of t(y)?
6
Let h(l) = -l**2 - 19*l + 2. What is the tens digit of h(-13)?
8
Suppose 81 = 5*l - 184. What is the units digit of l?
3
Let t(b) = -b**2 - 9*b - 4. Let c be t(-8). What is the tens digit of c/(-8) - (-63)/6?
1
Let n(c) = 1 + 2*c**2 - 3*c**2 + c + 0*c + 3*c**2. What is the units digit of n(-2)?
7
What is the tens digit of 51 - (-12)/(-9)*3?
4
What is the units digit of 11/((-55)/(-500)) - (-3 - 0)?
3
Let a(c) = c**3 + 6*c**2 - 9*c - 7. Suppose -11 = -z + 5*j, 4*j + 1 = 3*z + 5*j. Let t be z + -2*3 - 2. What is the units digit of a(t)?
7
Let u(t) = t**3 + 8*t**2 + 6*t + 2. Let z be u(-7). Let x(q) = -q**3 + 10*q**2 - 9*q + 7. What is the units digit of x(z)?
7
What is the tens digit of (-1 - 0/2)*-10?
1
Suppose t + 12 = 5*t. Suppose 0 = -4*g - t*w + 2 - 1, -3*w + 9 = 0. What is the units digit of -1 + (-16)/(-2) + g?
5
Let h(l) = 3 - 1 - 1 - 2 + 11*l**2. Let o be ((-1)/(-2))/(1/2). What is the units digit of h(o)?
0
Suppose -7*j + 541 + 180 = 0. What is the hundreds digit of j?
1
Let i(x) = x**3 - 8*x**2. Let w be i(8). Let j(n) = -n + 8. What is the units digit of j(w)?
8
Let r = 8 + -11. Let y be ((-6)/(-1))/r - 2. Let b = 9 - y. What is the tens digit of b?
1
Suppose 2*d = -2*g - 16, g + 4*g = 4*d - 67. Let r = 1 - g. What is the units digit of r?
2
Let z = -2 - -7. Suppose m = 3*o - 0*m - 6, -2*o + m + z = 0. What is the units digit of o?
1
Let t be 0/4 - 1*-1. Let b = t - 1. Suppose b = -c + 8 - 4. What is the units digit of c?
4
Let v = 96 + -58. What is the tens digit of v?
3
Let b = 19 + -9. Suppose -5*v + b + 0 = 0. What is the units digit of v?
2
Let f = -26 + 165. What is the units digit of f?
9
Suppose 3*b + 108 = 5*h, 0*h + 2*b - 32 = -h. What is the units digit of h?
4
Let w(p) = -9*p - 2. Let m(h) = -h - 1. Let k(r) = 2*m(r) - w(r). What is the units digit of k(1)?
7
Suppose -5*t - o = -9, 5*t + 1 - 2 = o. Let s be (t + 5)*2*-1. Let y = s + 21. What is the units digit of y?
9
What is the units digit of 1/(-5) - 972/(-10)?
7
What is the tens digit of 10*((-28)/(-5) - 0)?
5
Let p(l) = -l**2 + 11*l. Let k be p(11). Let g = 19 + k. What is the tens digit of g?
1
Let o = -21 + 13. What is the units digit of -8 - o - 6*-3?
8
Suppose -5*t + 96 = 2*a, a - 2*t = -4*t + 46. What is the tens digit of a?
3
What is the tens digit of ((-1)/4*-2)/(7/1512)?
0
Let g(q) = q + 1. Let f(l) = -4*l - 8. Let u(j) = f(j) + 6*g(j). Let y(v) = 5*v - 5. Let p(w) = 8*u(w) - 3*y(w). What is the units digit of p(3)?
2
Let k(a) = 0*a**3 - 4 - a + 8*a + a**3 - 5*a**2 + a**2. What is the tens digit of k(4)?
2
Suppose 0 = -r - 5*i - 6, -2*i + 8 + 0 = 3*r. Suppose -22 = -r*s + 38. What is the tens digit of s?
1
What is the units digit of (-122 + -3)/((-4)/((-16)/(-4)))?
5
Let r(t) = -110*t + 1. Let n be r(-2). Suppose -5*k - x = -233, -5*k + x = -2*x - n. What is the units digit of k?
6
Suppose 0*p - f = 5*p - 520, -3*p + 324 = 3*f. What is the tens digit of p?
0
Let b(x) = -x**3 + 9*x**2 - 16*x + 9. What is the tens digit of b(6)?
2
Suppose 0 = u - 4. What is the units digit of (-25)/(-4) + (-1)/u?
6
Let p be (6 - 8)*(-1)/2. Let n = p + 6. What is the units digit of n?
7
Let i be ((-4)/3)/(4/(-6)). Suppose 2*l + 13 = k, -3*k = 7*l - i*l + 5. What is the units digit of k?
5
Let s = -55 - -85. What is the units digit of s?
0
Suppose 3*f - 153 = -3*r, 5*r + 2*f + 0*f = 246. What is the units digit of r?
8
Let n = 5 - 3. Suppose -4*i - 32 = -3*d, 7 = d - n*i - 3. What is the tens digit of d?
1
Let w = 97 + -68. What is the tens digit of w?
2
Suppose 0 = 10*d + 10*d - 5280. What is the units digit of d?
4
What is the tens digit of 3 - (-5)/(-1) - -43?
4
Suppose 2*l + k = 4*k - 12, -k - 10 = 4*l. What is the tens digit of l/6*-8*4?
1
Suppose 54 = 5*b - 4*b. Suppose b = 5*i - 6. What is the units digit of i?
2
Suppose 5*b + 2*z - 565 = -3*z, 367 = 3*b - 4*z. What is the hundreds digit of b?
1
What is the units digit of 9745/55 - 4/(-22)*-1?
7
Let z(p) = -p**2 - 18*p - 12. What is the tens digit of z(-16)?
2
Let s = 1 + 0. Suppose 0 = -5*a + 19 + s. What is the units digit of (-37)/(-7) - a/14?
5
Suppose -722 = -12*t + 82. What is the tens digit of t?
6
Let i(v) = v**3 - 6*v**2 + 7*v - 5. Let t = -8 - -12. Let o be i(t). What is the units digit of 6/o*15/(-2)?
5
Suppose -60 = 2*q - 4*s, 2*q - 6 = 3*q + 4*s. Let u = 27 + q. What is the units digit of u?
5
Suppose 2 + 8 = 2*v. Suppose 4*r + 0*p + 4*p + 12 = 0, v*p + 25 = 5*r. Suppose -2*u - r = -7. What is the units digit of u?
3
Suppose 3 = 5*w - 4*w. Suppose -w*h - 17 - 31 = 0. What is the units digit of (-3*h/6)/1?
8
Let s(v) = -4*v - 1. Let f be s(2). What is the units digit of -6*(21/f + 1)?
8
Suppose 0 = -d + 4 - 2. Suppose d*h = 3*h - 3. Suppose 0 = -f - h*g - 0 + 2, -3*g = 3*f - 12. What is the units digit of f?
5
Suppose -4*c - 3 = -7, 0 = 4*d + c - 37. Suppose 0*r = -3*r + d. Suppose -3*v + r = 4*t + t, 0 = 5*v + 3*t - 21. What is the units digit of v?
6
Suppose -100 = d - 6*d. What is the units digit of d?
0
Let w(k) = k**3 + 2*k - 2. Let g be w(2). What is the tens digit of g + (-1)/2*-6?
1
Let c(b) = -50*b + 1. What is the hundreds digit of c(-6)?
3
Let b(p) = -15*p + 11. What is the tens digit of b(-8)?
3
Let j(g) = 0 - g**3 + 1 - 4*g**2 + g**2. Let f be j(-1). What is the units digit of 11 + (f - -1) + -2?
9
Let h = 419 - 259. What is the hundreds digit of h?
1
Suppose -2*u = z - 15, 5*u - 7 = z + 6. Suppose 0 = 5*m - 5*t + 10, 5*m + z = 4*t. What is the units digit of m?
1
What is the units digit of 32 + (4 - (4 + -4))?
6
Let k(g) = -9*g + 2. Let s be k(-2). Suppose s = -4*d + 4. What is the units digit of (-4)/(d/7) + 1?
8
Let c(m) = -m**2 - 11*m - 3. Let j(y) = -y**2 - 12*y - 4. Let b(s) = -3*c(s) + 2*j(s). What is the tens digit of b(-10)?
1
Let w = 46 - 72. Let m = w + 48. What is the tens digit of m?
2
Let k = 0 - 0. Let g(p) = 16*p + 1. Let j be g(2). Suppose -2*w = -3*v + w + j, k = 3*v - w - 29. What is the units digit of v?
9
Let s(a) = -a**2 + 4*a. Let t = 2 + 0. Let u be s(t). Suppose 5 = -3*k + u*k. What is the units digit of k?
5
Let i(n) = -n - 2. Let d be i(-5). Suppose t = 5 - d. What is the units digit of t?
2
Let o(n) = 3*n**2 + 2*n + 2. Let q be o(-2). Suppose 2*k = k - 1. What is the units digit of 0 + (q - 2) + k?
7
Let c(r) = r + 84. What is the tens digit of c(-17)?
6
Let f = 82 - 57. What is the units digit of f?
5
Suppose 8*n - 650 = -5*n. What is the units digit of n?
0
Let z be 3*(-4)/6*-1. Suppose -5 = -5*c + 4*t - 3, z*t - 4 = 5*c. Let r = c - -18. What is the units digit of r?
6
Let i be 7/(-7) - -11*1. Let j = i + -26. What is the units digit of 3*4*(-20)/j?
5
Let f = 3 + -4. Let a(c) = -10*c**3 + c**2 + 2*c + 1. What is the units digit of a(f)?
0
Let z(d) = -3 - d - 4*d + d - 4. Let o be z(-6). Suppose o + 7 = 2*w. What is the units digit of w?
2
Let d = -29 + 37. What is the units digit of d?
8
Let s(l) = 6*l - 2. Let a be s(4). Let p = a + -10. Let d = p - 7. What is the units digit of d?
5
Suppose -2*y - 22 = -3*p, 14 = 5*p + 3*y - 48. Let z be p/(-4)*24/(-20). Suppose 2*c = 4*m + 14, z*c - m - 3*m - 17 = 0. What is the units digit of c?
3
Let f(v) = v**3 - 8*v**2 + 11. What is the tens digit of f(8)?
1
Let b(n) = n + 9. Let u be b(-7). Let r(v) = 2*v**2 + 2*v. What is the tens digit of r(u)?
1
Let h(s) = s**2 + 3*s - 7. What is the units digit of h(-11)?
1
Let n = 7 - 5. What is the units digit of 10 + 0 + (1 - n)?
9
Let u = 112 + -56. What is the units digit of u?
6
Let i be -5 + (1 - (-2 - -2)). Let a = 12 + i. Suppose -w + a = -5*w - 3*n, 2*n = -5*w - 3. What is the units digit of w?
1
Suppose 4 + 5 = -t. Let k be ((-3)/t)/(2/24). What is the units digit of k/6*(2 - -10)?
8
Suppose -5*g + 8 = -82. What is the units digit of 20/8*g/15?
